est common divisor of 23 and v?
23
Suppose -203 = 5*p - 783. Suppose -11 = -2*d + 47. Calculate the greatest common divisor of p and d.
29
Suppose 624 = 16*r - 352. What is the greatest common divisor of r and 183?
61
Let o be ((-56)/10 - -2)*(-40)/24. Calculate the highest common factor of 39 and o.
3
Let i be 58 + -1 + 2 + 1. Let m = -21 - -24. Suppose v - m*j = -j + 22, 2*v - 5*j = 43. Calculate the greatest common factor of v and i.
12
Let a = 127 - 122. Calculate the highest common divisor of a and 2.
1
Let z be 5 + 19*(-3 + 22). Suppose -299 = -5*n + z. What is the greatest common divisor of 19 and n?
19
Let p(w) = -28*w - 242. Let j be p(-10). Suppose -3*q = -3*v - 276, 3*q + 5*v = -2*q + 490. Calculate the greatest common factor of j and q.
19
Suppose 5*r = 65 - 10. Let m be -2*44*(0 + -1). Let g = 187 - m. Calculate the highest common divisor of g and r.
11
Let t(i) = 3*i + 2*i**2 - 3 - 1 - 4. Let o be t(-4). Suppose 0 = 2*h - 76 + o. Calculate the highest common divisor of 8 and h.
8
Suppose 0 = -4*v - 2201 + 5613. Let f be 20/190 - v/(-19). Calculate the highest common factor of f and 15.
15
Let o(g) = -9*g + 40. Let f be o(5). Let n be ((-26)/f)/(1 - (-136)/(-140)). What is the highest common divisor of 26 and n?
26
Suppose 9*o - 3*q = 14*o - 122, 4*q = 16. What is the greatest common factor of 1034 and o?
22
Let m(u) = -u**3 + 5*u**2 - 3*u + 2. Let y be m(4). Let s be (-5 - -35)*y/5. Let q = s - 16. What is the highest common factor of 40 and q?
20
Let j = -578 - -753. Calculate the greatest common factor of 275 and j.
25
Let i(b) = -b**3 - 12*b**2 - 9*b + 24. Let f be i(-11). Suppose -4*m = -3*g - 713 + 182, -399 = -3*m + f*g. Calculate the highest common factor of 45 and m.
45
Let h = -148 - -172. Calculate the highest common divisor of h and 84.
12
Suppose 2*b - 81 = 3*w, 7*b - 2*b - 4*w - 213 = 0. Calculate the highest common factor of 735 and b.
15
Let n = 89 - 23. Suppose -592 + 614 = q. What is the greatest common factor of n and q?
22
Let q be 50 - (32/8 + -4 + -2). Calculate the greatest common divisor of 442 and q.
26
Let f be ((-261)/(-58))/(1/8). Calculate the highest common divisor of 132 and f.
12
Let g(n) = -n**2 + 8*n - 9. Let r be g(8). Let z = r + 8. Let j be 245/14 + z/(-2). What is the greatest common factor of 12 and j?
6
Suppose 5 = 4*f - 3*f. Suppose 0*d = -f*d + 525. Suppose 4*o - 7*o = -d. Calculate the greatest common divisor of o and 7.
7
Let h = -21 - -24. Suppose -1 + 3 = -2*b, h*b - 13 = -4*n. Suppose n*m - 32 - 25 = -5*g, m = 3. Calculate the greatest common factor of 9 and g.
9
Suppose -5*i = -i - 5*k - 31, 4*i - k = 19. Suppose 0*l = -4*l + i. Let n = 2 - l. Calculate the highest common factor of 5 and n.
1
Suppose 60*t = 64*t - 1584. Calculate the highest common divisor of t and 72.
36
Let k be -33 - (-9 + -1 + 6). Let h = 124 + -65. Let g = h + k. What is the greatest common divisor of 20 and g?
10
Let j(m) = 38*m + 2. Let w be j(1). What is the greatest common factor of w and 50?
10
Let l be 98/3*(-5)/(70/(-36)). Calculate the greatest common divisor of l and 6.
6
Let l = 29 - 26. Suppose l*h - 7 = -1. Suppose -h*r = -3*b - 78, r - b = b + 38. What is the greatest common factor of 6 and r?
6
Let w(i) be the third derivative of -11*i**4/24 - 2*i**3/3 - 15*i**2. Let z be w(-11). Calculate the highest common divisor of z and 13.
13
Let p(x) = -x**3 - 19*x**2 + 20*x. Let s be p(-20). Suppose -10*l + 4*l + 450 = s. What is the highest common factor of l and 30?
15
Suppose 2*h + 5*w - 3 = -0, 2*h - 24 = 2*w. Suppose 5*i - 2*s = h + 22, 0 = -s + 2. Calculate the greatest common factor of i and 1.
1
Let j(g) = 2*g**2 + 19. Let l be j(0). Suppose -l - 11 = -2*t. Let d be (1 - 0)/(4/12). What is the greatest common divisor of t and d?
3
Let r be ((-24)/15)/(3/(-30)). Let t be (-5796)/(-180) + 1/(-5). What is the highest common factor of t and r?
16
Let r = 822 + -792. Calculate the greatest common factor of 900 and r.
30
Suppose 5*v + 2*t = 9 + 287, 178 = 3*v + t. Let s = v + 55. Let b be s*2/4*2. What is the highest common factor of 23 and b?
23
Let h(x) = 8*x - 75. Let z be h(10). Suppose 720 = 5*b + 3*l, z*b - 466 - 254 = 3*l. Calculate the greatest common factor of 9 and b.
9
Let d = -20 + 53. Let z = d + 6. Calculate the greatest common divisor of 65 and z.
13
Let n = 606 + -386. What is the highest common factor of 20 and n?
20
Suppose -5*b + 5*l + 4285 = 0, -4*b + 4*l + 3416 = 6*l. What is the highest common factor of b and 95?
95
Let w be 60/(-8 - -4)*3/(-5). Suppose 3*r + w = 0, -86 = -n + 2*r + 41. Calculate the greatest common divisor of n and 11.
11
Let p(y) = -43*y - 3*y**3 + 50*y - 13 - 9*y**2 + 2*y**3. Let m be p(-10). Calculate the highest common divisor of m and 119.
17
Let s = -33 - -66. Let g = s - 18. Calculate the greatest common factor of g and 75.
15
Suppose -3*x = 3*l + 47 - 206, -2*x + 118 = -2*l. Let s = 8 - 0. What is the greatest common factor of s and x?
8
Let x = 750 + -561. What is the highest common factor of 105 and x?
21
Let n be (-2794)/(-4) - (-13)/((-208)/24). What is the greatest common divisor of n and 41?
41
Suppose -s - 1866 = -3*z - 6*s, -3*s = -4*z + 2517. Calculate the highest common factor of z and 57.
57
Let c be (3/(-6))/((-8)/224). Let u = -6 + c. Suppose -4*n - l = -83 - 140, n + l = 55. What is the greatest common factor of n and u?
8
Let g be (-6 - 0)*30/(-45). Suppose -26 = -g*c + 14. What is the greatest common divisor of c and 4?
2
Let d = -634 + 655. What is the greatest common divisor of d and 119?
7
Suppose q - f = f + 43, -5*q = 3*f - 228. Calculate the greatest common factor of q and 55.
5
Let t = 58 + -41. Suppose -w = -37 + t. What is the greatest common divisor of w and 30?
10
Suppose -2*a + 4*u + 277 = -u, -5*a = -4*u - 684. Calculate the greatest common divisor of 459 and a.
17
Let z = -1165 + 1203. What is the highest common factor of 152 and z?
38
Suppose 721*d - 719*d - 986 = 0. What is the greatest common divisor of 17 and d?
17
Let j be (890/20)/((-1)/2). Let z = j + 131. Suppose 91 = 4*t + 35. Calculate the highest common divisor of z and t.
14
Suppose -13*a + 2049 = -1071. Calculate the highest common divisor of 144 and a.
48
Let y be (-85)/(-15) + 4/(-6). Suppose 0 = 20*i - 784 - 16. What is the highest common divisor of i and y?
5
Let c = -12 - -3. Let g = -166 - -176. Let p = c + g. Calculate the greatest common factor of p and 1.
1
Let d = 12 - 8. Let m = -11 + d. Let q = m + 16. What is the greatest common factor of q and 6?
3
Suppose 0 = -2*r - k + 3 - 6, -2*r + 2*k = 0. Let g be (r/3*4)/(12/(-54)). What is the highest common factor of 18 and g?
6
Suppose -26*g = -20*g - 72. Let j(p) = 2*p**2 + 3*p + 10. Let u be j(-4). Calculate the highest common factor of g and u.
6
Suppose 3*a + a = 44. Suppose -2*v - u + 9 = v, 2*v - u - a = 0. Let f(c) = 10*c - 168. Let m be f(18). Calculate the highest common factor of v and m.
4
Let u = 1057 - 391. What is the greatest common divisor of 18 and u?
18
Suppose -k = -d - 5, 2*k + 35 = 6*k + d. Let g = -4 - -36. Calculate the greatest common divisor of k and g.
8
Let y = 11 + -6. Suppose 18 = 4*d - y*d. Let g be (2 - -10)*(-6)/d. Calculate the greatest common factor of 2 and g.
2
Suppose 0 = -5*q + 4*x - 80, 3*x + 9 = -2*q - 0*x. Let u = q + 14. Suppose -8*p + 108 = -u*p. Calculate the greatest common divisor of p and 18.
18
Let y(l) = l**2 - 9*l + 14. Suppose 0 = 4*o - 9 - 59. Let z = -7 + o. Let h be y(z). Calculate the greatest common divisor of h and 6.
6
Let u be 3/(-5 + 6) - 1. What is the greatest common divisor of 86 and u?
2
Let n be (22/7)/((-5)/(-35)) + -4. Let i be (n + 4/(-1))/1. What is the greatest common factor of i and 140?
14
Suppose 0 = 122*u - 125*u + 144. Calculate the greatest common divisor of 3 and u.
3
Let l(x) = 2*x**2 + x - 1. Let z be l(-3). Let q(h) = -31*h. Let y be q(-2). Let c = y - -92. What is the greatest common factor of z and c?
14
Let u = 552 - 128. Calculate the highest common divisor of 8 and u.
8
Let l = 141 + 41. Suppose 29*z + 24 = 33*z. Suppose z*b = 8*b - 52. What is the highest common factor of b and l?
26
Let f be 749/4 + (-33)/132. What is the highest common factor of f and 33?
11
Let v be 258/8 - (-3 + 26/8). Suppose -v*x = -35*x + 96. What